{"id":4570,"date":"2021-07-01T09:51:22","date_gmt":"2021-07-01T07:51:22","guid":{"rendered":"https:\/\/bru-zane.com\/?page_id=4570"},"modified":"2022-03-03T11:17:44","modified_gmt":"2022-03-03T10:17:44","slug":"la-stagione-2021-2022","status":"publish","type":"page","link":"https:\/\/bru-zane.com\/fr\/scopri\/la-stagione-2021-2022\/","title":{"rendered":"La Saison 2021-2022"},"content":{"rendered":"<p><strong>D\u00e9couvrez la programmation de l\u2019\u00e9t\u00e9 2021 ainsi que les \u00e9v\u00e9nements principaux de la saison 2021-2022 du Palazzetto Bru Zane. La programmation compl\u00e8te sera d\u00e9voil\u00e9e \u00e0 la fin de l\u2019\u00e9t\u00e9.<\/strong><\/p>\n<p>Cette nouvelle saison se d\u00e9roule autour de 2 bicentenaires : la mort de Napol\u00e9on Bonaparte (1821) et la naissance de C\u00e9sar Franck (1822). Le premier inspire un cycle th\u00e9matique d\u00e9di\u00e9 \u00e0 la musique interpr\u00e9t\u00e9e sous le Directoire, le Consulat et le Premier Empire avec des \u0153uvres m\u00e9connues compos\u00e9es entre 1795 et 1815. Le second est consacr\u00e9 aux ouvrages de C\u00e9sar Franck et \u00e0 ceux de ses nombreux disciples.<br \/>\n<\/p>","protected":false},"excerpt":{"rendered":"<p>D\u00e9couvrez la programmation de l\u2019\u00e9t\u00e9 2021 ainsi que les \u00e9v\u00e9nements principaux de la saison 2021-2022 du Palazzetto Bru Zane. La programmation compl\u00e8te sera d\u00e9voil\u00e9e \u00e0 la fin de l\u2019\u00e9t\u00e9. Cette nouvelle saison se d\u00e9roule autour de 2 bicentenaires : la mort de Napol\u00e9on Bonaparte (1821) et la naissance de C\u00e9sar Franck (1822). Le premier inspire [&hellip;]<\/p>\n","protected":false},"author":4,"featured_media":4601,"parent":703,"menu_order":0,"comment_status":"closed","ping_status":"closed","template":"template\/page-stagione.php","meta":{"footnotes":""},"class_list":["post-4570","page","type-page","status-publish","has-post-thumbnail","hentry"],"yoast_head":"<!-- This site is optimized with the Yoast SEO plugin v27.5 - https:\/\/yoast.com\/product\/yoast-seo-wordpress\/ -->\n<title>La Stagione al Palazzetto Bru Zane<\/title>\n<meta name=\"description\" content=\"2026 - Scoprite la programmazione dell\u2019estate 2021 e i principali eventi della stagione 2021-2022 del Palazzetto Bru Zane. Il programma completo sar\u00e0 comunicato\" \/>\n<meta name=\"robots\" content=\"index, follow, max-snippet:-1, max-image-preview:large, max-video-preview:-1\" \/>\n<link rel=\"canonical\" href=\"https:\/\/bru-zane.com\/fr\/scopri\/la-stagione-2021-2022\/\" \/>\n<meta property=\"og:locale\" content=\"fr_FR\" \/>\n<meta property=\"og:type\" content=\"article\" \/>\n<meta property=\"og:title\" content=\"La Stagione al Palazzetto Bru Zane\" \/>\n<meta property=\"og:description\" content=\"2026 - Scoprite la programmazione dell\u2019estate 2021 e i principali eventi della stagione 2021-2022 del Palazzetto Bru Zane. Il programma completo sar\u00e0 comunicato\" \/>\n<meta property=\"og:url\" content=\"https:\/\/bru-zane.com\/fr\/scopri\/la-stagione-2021-2022\/\" \/>\n<meta property=\"og:site_name\" content=\"Palazzetto Bru Zane\" \/>\n<meta property=\"article:publisher\" content=\"https:\/\/www.facebook.com\/PalazzettoBruZane\/\" \/>\n<meta property=\"article:modified_time\" content=\"2022-03-03T10:17:44+00:00\" \/>\n<meta property=\"og:image\" content=\"https:\/\/bru-zane.com\/wp-content\/uploads\/2021\/06\/bg-stagione-21-22.jpg\" \/>\n\t<meta property=\"og:image:width\" content=\"1920\" \/>\n\t<meta property=\"og:image:height\" content=\"1067\" \/>\n\t<meta property=\"og:image:type\" content=\"image\/jpeg\" \/>\n<meta name=\"twitter:card\" content=\"summary_large_image\" \/>\n<meta name=\"twitter:site\" content=\"@BruZane\" \/>\n<meta name=\"twitter:label1\" content=\"Dur\u00e9e de lecture estim\u00e9e\" \/>\n\t<meta name=\"twitter:data1\" content=\"1 minute\" \/>\n<script type=\"application\/ld+json\" class=\"yoast-schema-graph\">{\"@context\":\"https:\\\/\\\/schema.org\",\"@graph\":[{\"@type\":\"WebPage\",\"@id\":\"https:\\\/\\\/bru-zane.com\\\/fr\\\/scopri\\\/la-stagione-2021-2022\\\/\",\"url\":\"https:\\\/\\\/bru-zane.com\\\/fr\\\/scopri\\\/la-stagione-2021-2022\\\/\",\"name\":\"La Stagione al Palazzetto Bru Zane\",\"isPartOf\":{\"@id\":\"https:\\\/\\\/bru-zane.com\\\/fr\\\/#website\"},\"primaryImageOfPage\":{\"@id\":\"https:\\\/\\\/bru-zane.com\\\/fr\\\/scopri\\\/la-stagione-2021-2022\\\/#primaryimage\"},\"image\":{\"@id\":\"https:\\\/\\\/bru-zane.com\\\/scopri\\\/la-stagione-2021-2022\\\/#primaryimage\"},\"thumbnailUrl\":\"https:\\\/\\\/bru-zane.com\\\/wp-content\\\/uploads\\\/2021\\\/06\\\/bg-stagione-21-22.jpg\",\"datePublished\":\"2021-07-01T07:51:22+00:00\",\"dateModified\":\"2022-03-03T10:17:44+00:00\",\"description\":\"2026 - Scoprite la programmazione dell\u2019estate 2021 e i principali eventi della stagione 2021-2022 del Palazzetto Bru Zane. Il programma completo sar\u00e0 comunicato\",\"breadcrumb\":{\"@id\":\"https:\\\/\\\/bru-zane.com\\\/fr\\\/scopri\\\/la-stagione-2021-2022\\\/#breadcrumb\"},\"inLanguage\":\"fr-FR\",\"potentialAction\":[{\"@type\":\"ReadAction\",\"target\":[[\"https:\\\/\\\/bru-zane.com\\\/fr\\\/scopri\\\/la-stagione-2021-2022\\\/\"]]}]},{\"@type\":\"ImageObject\",\"inLanguage\":\"fr-FR\",\"@id\":\"https:\\\/\\\/bru-zane.com\\\/fr\\\/scopri\\\/la-stagione-2021-2022\\\/#primaryimage\",\"url\":\"https:\\\/\\\/bru-zane.com\\\/wp-content\\\/uploads\\\/2021\\\/06\\\/bg-stagione-21-22.jpg\",\"contentUrl\":\"https:\\\/\\\/bru-zane.com\\\/wp-content\\\/uploads\\\/2021\\\/06\\\/bg-stagione-21-22.jpg\",\"width\":1920,\"height\":1067},{\"@type\":\"BreadcrumbList\",\"@id\":\"https:\\\/\\\/bru-zane.com\\\/fr\\\/scopri\\\/la-stagione-2021-2022\\\/#breadcrumb\",\"itemListElement\":[{\"@type\":\"ListItem\",\"position\":1,\"name\":\"Home\",\"item\":\"https:\\\/\\\/bru-zane.com\\\/fr\\\/\"},{\"@type\":\"ListItem\",\"position\":2,\"name\":\"D\u00e9couvrir\",\"item\":\"https:\\\/\\\/bru-zane.com\\\/fr\\\/scopri\\\/\"},{\"@type\":\"ListItem\",\"position\":3,\"name\":\"La Stagione 2021-2022\"}]},{\"@type\":\"WebSite\",\"@id\":\"https:\\\/\\\/bru-zane.com\\\/fr\\\/#website\",\"url\":\"https:\\\/\\\/bru-zane.com\\\/fr\\\/\",\"name\":\"Palazzetto Bru Zane\",\"description\":\"\",\"publisher\":{\"@id\":\"https:\\\/\\\/bru-zane.com\\\/fr\\\/#organization\"},\"potentialAction\":[{\"@type\":\"SearchAction\",\"target\":{\"@type\":\"EntryPoint\",\"urlTemplate\":\"https:\\\/\\\/bru-zane.com\\\/fr\\\/?s={search_term_string}\"},\"query-input\":{\"@type\":\"PropertyValueSpecification\",\"valueRequired\":true,\"valueName\":\"search_term_string\"}}],\"inLanguage\":\"fr-FR\"},{\"@type\":\"Organization\",\"@id\":\"https:\\\/\\\/bru-zane.com\\\/fr\\\/#organization\",\"name\":\"Palazzetto Bru Zane\",\"url\":\"https:\\\/\\\/bru-zane.com\\\/fr\\\/\",\"logo\":{\"@type\":\"ImageObject\",\"inLanguage\":\"fr-FR\",\"@id\":\"https:\\\/\\\/bru-zane.com\\\/fr\\\/#\\\/schema\\\/logo\\\/image\\\/\",\"url\":\"https:\\\/\\\/bru-zane.com\\\/wp-content\\\/uploads\\\/2019\\\/03\\\/logobruzane.png\",\"contentUrl\":\"https:\\\/\\\/bru-zane.com\\\/wp-content\\\/uploads\\\/2019\\\/03\\\/logobruzane.png\",\"width\":740,\"height\":1458,\"caption\":\"Palazzetto Bru Zane\"},\"image\":{\"@id\":\"https:\\\/\\\/bru-zane.com\\\/fr\\\/#\\\/schema\\\/logo\\\/image\\\/\"},\"sameAs\":[\"https:\\\/\\\/www.facebook.com\\\/PalazzettoBruZane\\\/\",\"https:\\\/\\\/x.com\\\/BruZane\",\"https:\\\/\\\/www.instagram.com\\\/palazzettobruzane\\\/\",\"https:\\\/\\\/it.linkedin.com\\\/company\\\/palazzetto-bru-zane---centre-de-musique-romantique-fran-aise\",\"https:\\\/\\\/www.youtube.com\\\/user\\\/PalazzettoBruZane\",\"https:\\\/\\\/it.wikipedia.org\\\/wiki\\\/Palazzetto_Bru_Zane_-_Centre_de_musique_romantique_fran\u00e7aise\"]}]}<\/script>\n<!-- \/ Yoast SEO plugin. -->","yoast_head_json":{"title":"La Stagione al Palazzetto Bru Zane","description":"2026 - Scoprite la programmazione dell\u2019estate 2021 e i principali eventi della stagione 2021-2022 del Palazzetto Bru Zane. Il programma completo sar\u00e0 comunicato","robots":{"index":"index","follow":"follow","max-snippet":"max-snippet:-1","max-image-preview":"max-image-preview:large","max-video-preview":"max-video-preview:-1"},"canonical":"https:\/\/bru-zane.com\/fr\/scopri\/la-stagione-2021-2022\/","og_locale":"fr_FR","og_type":"article","og_title":"La Stagione al Palazzetto Bru Zane","og_description":"2026 - Scoprite la programmazione dell\u2019estate 2021 e i principali eventi della stagione 2021-2022 del Palazzetto Bru Zane. Il programma completo sar\u00e0 comunicato","og_url":"https:\/\/bru-zane.com\/fr\/scopri\/la-stagione-2021-2022\/","og_site_name":"Palazzetto Bru Zane","article_publisher":"https:\/\/www.facebook.com\/PalazzettoBruZane\/","article_modified_time":"2022-03-03T10:17:44+00:00","og_image":[{"width":1920,"height":1067,"url":"https:\/\/bru-zane.com\/wp-content\/uploads\/2021\/06\/bg-stagione-21-22.jpg","type":"image\/jpeg"}],"twitter_card":"summary_large_image","twitter_site":"@BruZane","twitter_misc":{"Dur\u00e9e de lecture estim\u00e9e":"1 minute"},"schema":{"@context":"https:\/\/schema.org","@graph":[{"@type":"WebPage","@id":"https:\/\/bru-zane.com\/fr\/scopri\/la-stagione-2021-2022\/","url":"https:\/\/bru-zane.com\/fr\/scopri\/la-stagione-2021-2022\/","name":"La Stagione al Palazzetto Bru Zane","isPartOf":{"@id":"https:\/\/bru-zane.com\/fr\/#website"},"primaryImageOfPage":{"@id":"https:\/\/bru-zane.com\/fr\/scopri\/la-stagione-2021-2022\/#primaryimage"},"image":{"@id":"https:\/\/bru-zane.com\/scopri\/la-stagione-2021-2022\/#primaryimage"},"thumbnailUrl":"https:\/\/bru-zane.com\/wp-content\/uploads\/2021\/06\/bg-stagione-21-22.jpg","datePublished":"2021-07-01T07:51:22+00:00","dateModified":"2022-03-03T10:17:44+00:00","description":"2026 - Scoprite la programmazione dell\u2019estate 2021 e i principali eventi della stagione 2021-2022 del Palazzetto Bru Zane. Il programma completo sar\u00e0 comunicato","breadcrumb":{"@id":"https:\/\/bru-zane.com\/fr\/scopri\/la-stagione-2021-2022\/#breadcrumb"},"inLanguage":"fr-FR","potentialAction":[{"@type":"ReadAction","target":[["https:\/\/bru-zane.com\/fr\/scopri\/la-stagione-2021-2022\/"]]}]},{"@type":"ImageObject","inLanguage":"fr-FR","@id":"https:\/\/bru-zane.com\/fr\/scopri\/la-stagione-2021-2022\/#primaryimage","url":"https:\/\/bru-zane.com\/wp-content\/uploads\/2021\/06\/bg-stagione-21-22.jpg","contentUrl":"https:\/\/bru-zane.com\/wp-content\/uploads\/2021\/06\/bg-stagione-21-22.jpg","width":1920,"height":1067},{"@type":"BreadcrumbList","@id":"https:\/\/bru-zane.com\/fr\/scopri\/la-stagione-2021-2022\/#breadcrumb","itemListElement":[{"@type":"ListItem","position":1,"name":"Home","item":"https:\/\/bru-zane.com\/fr\/"},{"@type":"ListItem","position":2,"name":"D\u00e9couvrir","item":"https:\/\/bru-zane.com\/fr\/scopri\/"},{"@type":"ListItem","position":3,"name":"La Stagione 2021-2022"}]},{"@type":"WebSite","@id":"https:\/\/bru-zane.com\/fr\/#website","url":"https:\/\/bru-zane.com\/fr\/","name":"Palazzetto Bru Zane","description":"","publisher":{"@id":"https:\/\/bru-zane.com\/fr\/#organization"},"potentialAction":[{"@type":"SearchAction","target":{"@type":"EntryPoint","urlTemplate":"https:\/\/bru-zane.com\/fr\/?s={search_term_string}"},"query-input":{"@type":"PropertyValueSpecification","valueRequired":true,"valueName":"search_term_string"}}],"inLanguage":"fr-FR"},{"@type":"Organization","@id":"https:\/\/bru-zane.com\/fr\/#organization","name":"Palazzetto Bru Zane","url":"https:\/\/bru-zane.com\/fr\/","logo":{"@type":"ImageObject","inLanguage":"fr-FR","@id":"https:\/\/bru-zane.com\/fr\/#\/schema\/logo\/image\/","url":"https:\/\/bru-zane.com\/wp-content\/uploads\/2019\/03\/logobruzane.png","contentUrl":"https:\/\/bru-zane.com\/wp-content\/uploads\/2019\/03\/logobruzane.png","width":740,"height":1458,"caption":"Palazzetto Bru Zane"},"image":{"@id":"https:\/\/bru-zane.com\/fr\/#\/schema\/logo\/image\/"},"sameAs":["https:\/\/www.facebook.com\/PalazzettoBruZane\/","https:\/\/x.com\/BruZane","https:\/\/www.instagram.com\/palazzettobruzane\/","https:\/\/it.linkedin.com\/company\/palazzetto-bru-zane---centre-de-musique-romantique-fran-aise","https:\/\/www.youtube.com\/user\/PalazzettoBruZane","https:\/\/it.wikipedia.org\/wiki\/Palazzetto_Bru_Zane_-_Centre_de_musique_romantique_fran\u00e7aise"]}]}},"_links":{"self":[{"href":"https:\/\/bru-zane.com\/fr\/wp-json\/wp\/v2\/pages\/4570","targetHints":{"allow":["GET"]}}],"collection":[{"href":"https:\/\/bru-zane.com\/fr\/wp-json\/wp\/v2\/pages"}],"about":[{"href":"https:\/\/bru-zane.com\/fr\/wp-json\/wp\/v2\/types\/page"}],"author":[{"embeddable":true,"href":"https:\/\/bru-zane.com\/fr\/wp-json\/wp\/v2\/users\/4"}],"replies":[{"embeddable":true,"href":"https:\/\/bru-zane.com\/fr\/wp-json\/wp\/v2\/comments?post=4570"}],"version-history":[{"count":2,"href":"https:\/\/bru-zane.com\/fr\/wp-json\/wp\/v2\/pages\/4570\/revisions"}],"predecessor-version":[{"id":4622,"href":"https:\/\/bru-zane.com\/fr\/wp-json\/wp\/v2\/pages\/4570\/revisions\/4622"}],"up":[{"embeddable":true,"href":"https:\/\/bru-zane.com\/fr\/wp-json\/wp\/v2\/pages\/703"}],"wp:featuredmedia":[{"embeddable":true,"href":"https:\/\/bru-zane.com\/fr\/wp-json\/wp\/v2\/media\/4601"}],"wp:attachment":[{"href":"https:\/\/bru-zane.com\/fr\/wp-json\/wp\/v2\/media?parent=4570"}],"curies":[{"name":"wp","href":"https:\/\/api.w.org\/{rel}","templated":true}]}}

<p><strong>Découvrez la programmation de l’été 2021 ainsi que les événements principaux de la saison 2021-2022 du Palazzetto Bru Zane. La programmation complète sera dévoilée à la fin de l’été.</strong></p>
<p>Cette nouvelle saison se déroule autour de 2 bicentenaires : la mort de Napoléon Bonaparte (1821) et la naissance de César Franck (1822). Le premier inspire un cycle thématique dédié à la musique interprétée sous le Directoire, le Consulat et le Premier Empire avec des œuvres méconnues composées entre 1795 et 1815. Le second est consacré aux ouvrages de César Franck et à ceux de ses nombreux disciples.<br />
</p>

<p>Découvrez la programmation de l’été 2021 ainsi que les événements principaux de la saison 2021-2022 du Palazzetto Bru Zane. La programmation complète sera dévoilée à la fin de l’été. Cette nouvelle saison se déroule autour de 2 bicentenaires : la mort de Napoléon Bonaparte (1821) et la naissance de César Franck (1822). Le premier inspire [&hellip;]</p>

<!-- This site is optimized with the Yoast SEO plugin v27.5 - https://yoast.com/product/yoast-seo-wordpress/ -->
<title>La Stagione al Palazzetto Bru Zane</title>
<meta name="description" content="2026 - Scoprite la programmazione dell’estate 2021 e i principali eventi della stagione 2021-2022 del Palazzetto Bru Zane. Il programma completo sarà comunicato" />
<meta name="robots" content="index, follow, max-snippet:-1, max-image-preview:large, max-video-preview:-1" />
<link rel="canonical" href="https://bru-zane.com/fr/scopri/la-stagione-2021-2022/" />
<meta property="og:locale" content="fr_FR" />
<meta property="og:type" content="article" />
<meta property="og:title" content="La Stagione al Palazzetto Bru Zane" />
<meta property="og:description" content="2026 - Scoprite la programmazione dell’estate 2021 e i principali eventi della stagione 2021-2022 del Palazzetto Bru Zane. Il programma completo sarà comunicato" />
<meta property="og:url" content="https://bru-zane.com/fr/scopri/la-stagione-2021-2022/" />
<meta property="og:site_name" content="Palazzetto Bru Zane" />
<meta property="article:publisher" content="https://www.facebook.com/PalazzettoBruZane/" />
<meta property="article:modified_time" content="2022-03-03T10:17:44+00:00" />
<meta property="og:image" content="https://bru-zane.com/wp-content/uploads/2021/06/bg-stagione-21-22.jpg" />
	<meta property="og:image:width" content="1920" />
	<meta property="og:image:height" content="1067" />
	<meta property="og:image:type" content="image/jpeg" />
<meta name="twitter:card" content="summary_large_image" />
<meta name="twitter:site" content="@BruZane" />
<meta name="twitter:label1" content="Durée de lecture estimée" />
	<meta name="twitter:data1" content="1 minute" />
<script type="application/ld+json" class="yoast-schema-graph">{"@context":"https:\/\/schema.org","@graph":[{"@type":"WebPage","@id":"https:\/\/bru-zane.com\/fr\/scopri\/la-stagione-2021-2022\/","url":"https:\/\/bru-zane.com\/fr\/scopri\/la-stagione-2021-2022\/","name":"La Stagione al Palazzetto Bru Zane","isPartOf":{"@id":"https:\/\/bru-zane.com\/fr\/#website"},"primaryImageOfPage":{"@id":"https:\/\/bru-zane.com\/fr\/scopri\/la-stagione-2021-2022\/#primaryimage"},"image":{"@id":"https:\/\/bru-zane.com\/scopri\/la-stagione-2021-2022\/#primaryimage"},"thumbnailUrl":"https:\/\/bru-zane.com\/wp-content\/uploads\/2021\/06\/bg-stagione-21-22.jpg","datePublished":"2021-07-01T07:51:22+00:00","dateModified":"2022-03-03T10:17:44+00:00","description":"2026 - Scoprite la programmazione dell’estate 2021 e i principali eventi della stagione 2021-2022 del Palazzetto Bru Zane. Il programma completo sarà comunicato","breadcrumb":{"@id":"https:\/\/bru-zane.com\/fr\/scopri\/la-stagione-2021-2022\/#breadcrumb"},"inLanguage":"fr-FR","potentialAction":[{"@type":"ReadAction","target":[["https:\/\/bru-zane.com\/fr\/scopri\/la-stagione-2021-2022\/"]]}]},{"@type":"ImageObject","inLanguage":"fr-FR","@id":"https:\/\/bru-zane.com\/fr\/scopri\/la-stagione-2021-2022\/#primaryimage","url":"https:\/\/bru-zane.com\/wp-content\/uploads\/2021\/06\/bg-stagione-21-22.jpg","contentUrl":"https:\/\/bru-zane.com\/wp-content\/uploads\/2021\/06\/bg-stagione-21-22.jpg","width":1920,"height":1067},{"@type":"BreadcrumbList","@id":"https:\/\/bru-zane.com\/fr\/scopri\/la-stagione-2021-2022\/#breadcrumb","itemListElement":[{"@type":"ListItem","position":1,"name":"Home","item":"https:\/\/bru-zane.com\/fr\/"},{"@type":"ListItem","position":2,"name":"Découvrir","item":"https:\/\/bru-zane.com\/fr\/scopri\/"},{"@type":"ListItem","position":3,"name":"La Stagione 2021-2022"}]},{"@type":"WebSite","@id":"https:\/\/bru-zane.com\/fr\/#website","url":"https:\/\/bru-zane.com\/fr\/","name":"Palazzetto Bru Zane","description":"","publisher":{"@id":"https:\/\/bru-zane.com\/fr\/#organization"},"potentialAction":[{"@type":"SearchAction","target":{"@type":"EntryPoint","urlTemplate":"https:\/\/bru-zane.com\/fr\/?s={search_term_string}"},"query-input":{"@type":"PropertyValueSpecification","valueRequired":true,"valueName":"search_term_string"}}],"inLanguage":"fr-FR"},{"@type":"Organization","@id":"https:\/\/bru-zane.com\/fr\/#organization","name":"Palazzetto Bru Zane","url":"https:\/\/bru-zane.com\/fr\/","logo":{"@type":"ImageObject","inLanguage":"fr-FR","@id":"https:\/\/bru-zane.com\/fr\/#\/schema\/logo\/image\/","url":"https:\/\/bru-zane.com\/wp-content\/uploads\/2019\/03\/logobruzane.png","contentUrl":"https:\/\/bru-zane.com\/wp-content\/uploads\/2019\/03\/logobruzane.png","width":740,"height":1458,"caption":"Palazzetto Bru Zane"},"image":{"@id":"https:\/\/bru-zane.com\/fr\/#\/schema\/logo\/image\/"},"sameAs":["https:\/\/www.facebook.com\/PalazzettoBruZane\/","https:\/\/x.com\/BruZane","https:\/\/www.instagram.com\/palazzettobruzane\/","https:\/\/it.linkedin.com\/company\/palazzetto-bru-zane---centre-de-musique-romantique-fran-aise","https:\/\/www.youtube.com\/user\/PalazzettoBruZane","https:\/\/it.wikipedia.org\/wiki\/Palazzetto_Bru_Zane_-_Centre_de_musique_romantique_française"]}]}</script>
<!-- / Yoast SEO plugin. -->

2026 - Scoprite la programmazione dell’estate 2021 e i principali eventi della stagione 2021-2022 del Palazzetto Bru Zane. Il programma completo sarà comunicato

Découvrir

https://it.wikipedia.org/wiki/Palazzetto_Bru_Zane_-_Centre_de_musique_romantique_française
